 2448395?
4
What is the tens digit of 18636574?
7
What is the hundreds digit of 274389?
3
What is the hundreds digit of 7801608?
6
What is the tens digit of 13239118?
1
What is the thousands digit of 4049548?
9
What is the ten millions digit of 10337544?
1
What is the ten thousands digit of 887215?
8
What is the ten thousands digit of 232307?
3
What is the millions digit of 1430794?
1
What is the units digit of 1281892?
2
What is the ten thousands digit of 606033?
0
What is the hundred thousands digit of 2492581?
4
What is the thousands digit of 1374307?
4
What is the hundred thousands digit of 17299935?
2
What is the tens digit of 284525?
2
What is the hundreds digit of 515345?
3
What is the hundred thousands digit of 1644199?
6
What is the ten thousands digit of 3770580?
7
What is the thousands digit of 559435?
9
What is the tens digit of 243703?
0
What is the millions digit of 1295059?
1
What is the thousands digit of 932899?
2
What is the hundreds digit of 211976?
9
What is the ten thousands digit of 22010?
2
What is the tens digit of 30704695?
9
What is the thousands digit of 468749?
8
What is the hundreds digit of 916224?
2
What is the hundred thousands digit of 1298818?
2
What is the hundreds digit of 589632?
6
What is the millions digit of 5695653?
5
What is the thousands digit of 11753280?
3
What is the hundreds digit of 408649?
6
What is the ten thousands digit of 175433?
7
What is the hundred thousands digit of 3989036?
9
What is the units digit of 2732618?
8
What is the tens digit of 159359?
5
What is the thousands digit of 7195818?
5
What is the tens digit of 2277897?
9
What is the thousands digit of 2958749?
8
What is the ten millions digit of 12021061?
1
What is the units digit of 19726727?
7
What is the hundreds digit of 150238?
2
What is the tens digit of 2251541?
4
What is the hundreds digit of 2624411?
4
What is the thousands digit of 3982764?
2
What is the hundred thousands digit of 7495921?
4
What is the hundred thousands digit of 7229324?
2
What is the hundred thousands digit of 6635727?
6
What is the thousands digit of 26202225?
2
What is the hundreds digit of 990826?
8
What is the units digit of 4741895?
5
What is the hundred thousands digit of 268151?
2
What is the hundreds digit of 6272454?
4
What is the thousands digit of 145159?
5
What is the tens digit of 474309?
0
What is the millions digit of 3703196?
3
What is the hundred thousands digit of 1331118?
3
What is the tens digit of 67645?
4
What is the hundred thousands digit of 7240020?
2
What is the units digit of 1189399?
9
What is the hundreds digit of 19428?
4
What is the hundred thousands digit of 1404157?
4
What is the units digit of 3001585?
5
What is the thousands digit of 12975221?
5
What is the tens digit of 2509369?
6
What is the tens digit of 41963?
6
What is the units digit of 35355642?
2
What is the hundred thousands digit of 9335084?
3
What is the hundred thousands digit of 368408?
3
What is the ten thousands digit of 8747537?
4
What is the ten thousands digit of 7600032?
0
What is the hundreds digit of 294075?
0
What is the hundred thousands digit of 474814?
4
What is the hundreds digit of 635021?
0
What is the hundred thousands digit of 171399?
1
What is the hundreds digit of 848609?
6
What is the ten thousands digit of 4492988?
9
What is the units digit of 2525818?
8
What is the thousands digit of 241301?
1
What is the units digit of 1558789?
9
What is the tens digit of 744621?
2
What is the ten thousands digit of 952825?
5
What is the tens digit of 203298?
9
What is the tens digit of 306101?
0
What is the hundred thousands digit of 422878?
4
What is the hundred thousands digit of 7373689?
3
What is the hundred thousands digit of 1909014?
9
What is the hundred thousands digit of 963106?
9
What is the thousands digit of 1277667?
7
What is the millions digit of 2602104?
2
What is the ten thousands digit of 996552?
9
What is the hundred thousands digit of 2217981?
2
What is the tens digit of 599169?
6
What is the hundreds digit of 16153630?
6
What is the ten thousands digit of 22950438?
5
What is the hundreds digit of 81583?
5
What is the tens digit of 612980?
8
What is the units digit of 40423?
3
What is the hundreds digit of 808834?
8
What is the hundreds digit of 12494786?
7
What is the hundreds digit of 2752494?
4
What is the tens digit of 11875271?
7
What is the hundred thousands digit of 417269?
4
What is the units digit of 2113460?
0
What is the thousands digit of 301390?
1
What is the units digit of 87181?
1
What is the units digit of 128959?
9
What is the tens digit of 72534?
3
What is the units digit of 7413036?
6
What is the ten millions digit of 14225186?
1
What is the hundred thousands digit of 407039?
4
What is the millions digit of 19609283?
9
What is the hundred thousands digit of 139778?
1
What is the hundreds digit of 37281546?
5
What is the hundred thousands digit of 408961?
4
What is the thousands digit of 11879591?
9
What is the hundreds digit of 30348?
3
What is the hundreds digit of 3698632?
6
What is the tens digit of 19276247?
4
What is the hundred thousands digit of 104139?
1
What is the thousands digit of 5446854?
6
What is the units digit of 191257?
7
What is the hundreds digit of 341708?
7
What is the millions digit of 7596330?
7
What is the hundred thousands digit of 140790?
1
What is the tens digit of 13082864?
6
What is the millions digit of 2431793?
2
What is the hundreds digit of 403016?
0
What is the tens digit of 395206?
0
What is the hundred thousands digit of 2551888?
5
What is the thousands digit of 45524?
5
What is the tens digit of 28863836?
3
What is the thousands digit of 645833?
5
What is the ten thousands digit of 493747?
9
What is the ten thousands digit of 235164?
3
What is the hundreds digit of 1363694?
6
What is the tens digit of 854452?
5
What is the ten thousands digit of 676153?
7
What is the hundreds digit of 8365523?
5
What is the millions digit of 2205702?
2
What is the tens digit of 68081?
8
What is the thousands digit of 6170656?
0
What is the ten thousands digit of 126395?
2
What is the units digit of 176794?
4
What is the thousands digit of 802893?
2
What is the hundred thousands digit of 1489029?
4
What is the hundreds digit of 6714949?
9
What is the thousands digit of 977563?
7
What is the hundred thousands digit of 962058?
9
What is the thousands digit of 88200?
8
What is the ten thousands digit of 671429?
7
What is the millions digit of 8425700?
8
What is the thousands digit of 74417?
4
What is the hundreds digit of 68627?
6
What is the thousands digit of 491940?
1
What is the ten thousands digit of 6310457?
1
What is the hundreds digit of 797961?
9
What is the hundred thousands digit of 2432950?
4
What is the tens digit of 1231462?
6
What is the hundred thousands digit of 688659?
6
What is the tens digit of 180705?
0
What is the tens digit of 45280?
8
What is the units digit of 19817?
7
What is the thousands digit of 2290306?
0
What is the hundreds digit of 531752?
7
What is the hundred thousands digit of 150665?
1
What is the hundreds digit of 1248840?
8
What is the units digit of 9306788?
8
What is the thousands digit of 699687?
9
What is the thousands digit of 6475952?
5
What is the hundred thousands digit of 5407768?
4
What is the units digit of 1367932?
2
What is the hundreds digit of 878685?
6
What is the tens digit of 387707?
0
What is the thousands digit of 4080181?
0
What is the millions digit of 1133403?
1
What is the ten thousands digit of 139210?
3
What is the hundred thousands digit of 406212?
4
What is the hundreds digit of 180173?
1
What is the units digit of 111872?
2
What is the millions digit of 4808235?
4
What is the hundred thousands digit of 1540615?
5
What is the tens digit of 5243924?
2
What is the ten thousands digit of 32696487?
9
What is the hundred thousands digit of 458708?
4
What is the hundreds digit of 1003177?
1
What is the hundred thousands digit of 223686?
2
What is the hundred thousands digit of 2099429?
0
What is the ten thousands digit of 622251?
2
What is the hundred thousands digit of 305375?
3
What is the tens digit of 407262?
6
What is the units digit of 94011?
1
What is the tens digit of 6139852?
5
What is the hundred thousands digit of 22102